 number?
False
Is 83266481203 a composite number?
True
Is 28449315331 prime?
True
Is 101800849219 a prime number?
False
Is 784114349 prime?
True
Is 422056379 prime?
False
Is 1278624229 a composite number?
True
Is 477191243 composite?
False
Is 12694304143 a composite number?
False
Is 11905879357 composite?
False
Is 18668513321 a prime number?
True
Is 14297882119 a prime number?
False
Is 6474520529 prime?
False
Is 3356189761 a prime number?
False
Is 23159682017 prime?
True
Is 129689496109 a composite number?
False
Is 1950160463 composite?
True
Is 143246715877 prime?
True
Is 41054013227 composite?
False
Is 614852177 composite?
False
Is 65324029 prime?
False
Is 2348601551 composite?
False
Is 14272373762 composite?
True
Is 2672349871 a prime number?
False
Is 535621439 prime?
True
Is 7054684919 prime?
False
Is 26096711 a composite number?
False
Is 2443738901 a composite number?
False
Is 75737188577 prime?
True
Is 23451759671 a prime number?
True
Is 1980646457 a composite number?
False
Is 43179421 prime?
True
Is 25765667045 composite?
True
Is 4717160607 a composite number?
True
Is 7033579357 composite?
True
Is 44567942077 a composite number?
False
Is 162568664441 composite?
False
Is 3431597894 composite?
True
Is 13611141277 composite?
True
Is 1376944319 a composite number?
False
Is 516131591 a prime number?
True
Is 20057287451 a composite number?
True
Is 838801349 a prime number?
True
Is 1438651 a composite number?
True
Is 12065583055 composite?
True
Is 579209633 prime?
True
Is 10306493123 a composite number?
False
Is 3822847159 a prime number?
True
Is 1151137789 composite?
True
Is 14019018647 a prime number?
True
Is 159027712135 a composite number?
True
Is 42357763979 a prime number?
False
Is 7124814079 a composite number?
True
Is 32089754143 a composite number?
True
Is 248140447 a prime number?
True
Is 626312593 a prime number?
False
Is 5185754779 composite?
True
Is 6526357927 prime?
True
Is 21989307049 a prime number?
False
Is 23900315141 a prime number?
False
Is 147716899 a composite number?
True
Is 149884253 a composite number?
True
Is 2299266227 composite?
True
Is 25810110869 a composite number?
True
Is 1043464241 prime?
True
Is 1553467 a prime number?
True
Is 1172595029 a composite number?
False
Is 29971695211 composite?
True
Is 55043576789 composite?
False
Is 26758725391 a composite number?
True
Is 954141879 composite?
True
Is 680368817 a composite number?
True
Is 13241679277 composite?
True
Is 1398217291 a composite number?
True
Is 20015326333 prime?
True
Is 5317780031 a prime number?
False
Is 44440417571 composite?
True
Is 5657968873 prime?
False
Is 3235180879 a composite number?
True
Is 22627944067 composite?
True
Is 16047668321 composite?
True
Is 106360946 prime?
False
Is 389902776601 a prime number?
False
Is 103823873 a prime number?
False
Is 24317249783 prime?
True
Is 11413239863 a prime number?
True
Is 3592815827 a prime number?
True
Is 164634917 a composite number?
True
Is 223544969 prime?
True
Is 2420161707 prime?
False
Is 2041531333 prime?
True
Is 19241863057 a prime number?
True
Is 108132677 prime?
False
Is 247543889 prime?
True
Is 115067078677 composite?
True
Is 1215648437 prime?
False
Is 132433914013 prime?
False
Is 83863349011 a prime number?
False
Is 10207833613 a prime number?
False
Is 1051787897 composite?
False
Is 356789969 composite?
True
Is 47017337933 a prime number?
False
Is 3362620751 prime?
False
Is 1509215063 composite?
True
Is 1545020149 a prime number?
False
Is 1433641981 prime?
True
Is 4831806619 a prime number?
True
Is 103525201327 composite?
False
Is 823840669 composite?
False
Is 6925719893 a prime number?
True
Is 1366880101 a prime number?
True
Is 48353964803 prime?
True
Is 25858676189 prime?
True
Is 1850627473 a composite number?
True
Is 5868107143 a prime number?
False
Is 22594043993 prime?
False
Is 14753422769 composite?
True
Is 664228343 a composite number?
False
Is 188099813 a prime number?
False
Is 518832599 composite?
True
Is 1061128751 a composite number?
False
Is 102614159 prime?
False
Is 9586575851 prime?
True
Is 12976781135 a composite number?
True
Is 119055514777 a prime number?
False
Is 4723707847 prime?
False
Is 2528742023 a composite number?
True
Is 2191966811 prime?
True
Is 61610543881 a prime number?
True
Is 5624485427 prime?
False
Is 22378432319 a composite number?
False
Is 12827175091 a prime number?
True
Is 3515129027 a prime number?
True
Is 7930436141 prime?
True
Is 279013225921 composite?
False
Is 43092894547 composite?
False
Is 2996220921 composite?
True
Is 89874701089 prime?
True
Is 4049088202 a prime number?
False
Is 2605638791 a prime number?
False
Is 40735391507 a prime number?
True
Is 3503245309 a prime number?
True
Is 30576623081 composite?
False
Is 54554148577 prime?
True
Is 856287967 prime?
False
Is 9639141137 a prime number?
True
Is 1542920297 a composite number?
False
Is 15210519537 composite?
True
Is 34332380759 prime?
True
Is 2962254653 a prime number?
False
Is 250970197 composite?
False
Is 323206991 a prime number?
False
Is 11120537161 prime?
False
Is 76343530261 composite?
True
Is 16515162061 composite?
False
Is 484354177 a prime number?
False
Is 184741343 a composite number?
False
Is 670999841 composite?
True
Is 6387560957 a prime number?
True
Is 28345916491 a composite number?
False
Is 3480716245 composite?
True
Is 39054571889 composite?
False
Is 2620405807 composite?
True
Is 108543823 a composite number?
True
Is 175340393 a composite number?
True
Is 9021473807 a prime number?
False
Is 1188789203 a prime number?
False
Is 21494290817 a composite number?
False
Is 13870691399 composite?
True
Is 20514861221 a prime number?
False
Is 6788649521 composite?
False
Is 78552930017 a prime number?
True
Is 602156143 a composite number?
False
Is 88781431223 a composite number?
False
Is 3660283079 a prime number?
True
Is 12626969 prime?
False
Is 713300417 prime?
False
Is 860617699 composite?
True
Is 157258447 a composite number?
True
Is 75199988723 prime?
False
Is 2548538903 a composite number?
False
Is 83526154483 composite?
True
Is 123200159 a prime number?
False
Is 131660003 a prime number?
False
Is 8539686455 composite?
True
Is 21555587615 a composite number?
True
Is 3826584581 composite?
False
Is 232617929 a composite number?
True
Is 40566983887 composite?
False
Is 425915741 composite?
False
Is 1149615353 composite?
False
Is 8085525197 a prime number?
False
Is 395536277 a prime number?
True
Is 775862051 prime?
True
Is 37792175515 a composite number?
True
Is 47305327 prime?
True
Is 388304269 a composite number?
True
Is 908670199 composite?
False
Is 82789999 a prime number?
False
Is 39457481 composite?
True
Is 15966889259 a prime number?
True
Is 6552330443 a composite number?
True
Is 803499461 composite?
False
Is 3005832671 a composite number?
True
Is 5637868267 composite?
False
Is 70939866007 prime?
False
Is 1050643459 composite?
False
Is 3359985743 prime?
True
Is 1123372069 prime?
False
Is 10915571189 a composite number?
False
Is 18878050207 a composite number?
False
Is 11409245249 a prime number?
False
Is 3457596257 a composite number?
False
Is 7250571799 composite?
True
Is 25277071 composite?
False
Is 44905030403 a prime number?
True
Is 2443511827 prime?
True
Is 673383703 a composite number?
False
Is 1709702237 prime?
True
Is 12314494037 a composite number?
False
Is 20785671977 prime?
False
Is 4484807897 composite?
False
Is 11380888049 composite?
False
Is 13832802877 a prime number?
True
Is 3520282499 a prime number?
False
Is 296859603 a prime number?
False
Is 6811032145 composite?
True
Is 1420731034 composite?
True
Is 1269223229 composite?
False
Is 21481948049 prime?
True
Is 74269751 a composite number?
False
Is 17745541907 a prime number?
False
Is 22978516637 a composite number?
True
Is 4613645927 a composite number?
True
Is 19353801919 composite?
True
Is 108054079369 a composite number?
True
Is 1519273531 a prime number?
True
Is 16449503999 a composite number?
True
Is 111956123143 a prime number?
False
Is 48374452901 a composite number?
True
Is 16310661151 a prime number?
True
Is 8575292821 a prime number?
False
Is 3791247227 a prime number?
False
Is 2298011629 composite?
True
Is 728097583 prime?
False
Is 1344357583 composite?
False
Is 7596060083 composite?
True
Is 58215329